2). Let t(o) = -20*o - 4*o + 45*o + r. List the prime factors of t(2).
47
Suppose 2*w + 0*w = 8. Let r = 6 - w. Suppose 0 = 2*o + r*n - 72, 72 = 2*o - 2*n + n. What are the prime factors of o?
2, 3
Let u(y) = -3*y**3 - 14*y**2 + 22*y - 32. Let q be u(-8). Let m = 18 + 10. Suppose -q = -5*o + m. List the prime factors of o.
2, 23
List the prime factors of (((-4)/(-30))/(8/63890))/(89/534).
6389
Let f(y) = 21*y + 5*y**2 - 7 + 2*y**2 - 2*y**2 + 22. Let r be f(-14). Suppose -3*m - c = -r, 20 = -0*c - 5*c. What are the prime factors of m?
5, 47
Let n(b) = 295*b + 201. Let u(h) = 197*h + 134. Let c(m) = 5*n(m) - 8*u(m). List the prime factors of c(-10).
23, 41
Let i = -61 + 188. Let s = i + 172. What are the prime factors of s?
13, 23
Let x(d) = 4 + 2*d**2 + 2*d**2 - d**3 + 2*d**2. Suppose 0 = 2*q - 10. What are the prime factors of x(q)?
29
Let g be (-5 - (-102 - -4))*3/1. Let l = -24 + g. Suppose -6*i = 9*i - l. List the prime factors of i.
17
Suppose 401 - 551 = 10*h. What are the prime factors of (-25)/h + 6515/15?
2, 109
Let o = 319 - 315. What are the prime factors of ((-3366)/44)/((-2)/o)?
3, 17
Let p be (-34208)/(-6)*(-45)/(-30). Suppose p = 10*x - 1828. List the prime factors of x.
2, 3, 173
Let a = -319 + 325. Let i(m) = 104*m + 62. List the prime factors of i(a).
2, 7
Let l = 171 + 85. Suppose 1750 = -251*a + l*a. What are the prime factors of a?
2, 5, 7
Let h(w) = 36 - 46*w + 2*w**2 + w**2 + 33*w + 17*w. List the prime factors of h(15).
3, 257
Suppose 2*f - 6*c - 53096 = -8*c, -5*f + 2*c = -132719. List the prime factors of f.
5, 5309
Let h = 3398 + 16424. List the prime factors of h.
2, 11, 17, 53
Let n(a) = 410*a**2 + a. Let b(l) = -6*l + 19. Let q be b(3). List the prime factors of n(q).
3, 137
Suppose -w - 6 + 14 = 0. Let s be (-10)/w*(-19 + -5). Suppose 3*p + s = 8*p. What are the prime factors of p?
2, 3
Let b(d) = 4*d**3 - 20*d**2 - 36*d + 21. What are the prime factors of b(15)?
3, 11, 257
Suppose -4*i + 1 - 13 = 3*f, -2*f = 8. Suppose i = -82*j + 70*j + 19392. What are the prime factors of j?
2, 101
Let v = 23032 - 10669. What are the prime factors of v?
3, 13, 317
Suppose u + 5*f + 988 = -349, -6619 = 5*u + 3*f. What are the prime factors of 110/165 - (1 - u/(-6))?
2, 5, 11
Let f be ((-12)/8)/((-1)/(-8)). Let x(y) = -y**2 - 12*y. Let u be x(f). List the prime factors of ((u/(-4))/(-2))/4 + 80.
2, 5
Let g(p) = -247*p**3 + 11*p**2 + 4*p - 3. What are the prime factors of g(-3)?
3, 2251
Suppose 3*i + 26 = 5*i + 4*b, 0 = 4*i + 5*b - 40. Suppose 3*l + 5*w = 1754, 7*l - i*l - 1172 = -2*w. List the prime factors of l.
2, 3, 7
Let n be 6/(-33)*1 - (-2)/11. Let h be (-4 - (-14 + 3)) + n + -4. Suppose -h*j + 2 = -25. What are the prime factors of j?
3
Let g be (36/33)/((-38)/(-209)). Suppose -726 = -o - g*w + 8*w, 12 = -4*w. List the prime factors of o.
2, 3, 5
Suppose -17*k - 53 = 32. List the prime factors of (-2112)/(-20) + k/25*3.
3, 5, 7
Let h be 63/(-5)*8470/231. Let z = h - -812. List the prime factors of z.
2, 5, 7
Let v(x) be the second derivative of x**4/12 - 10*x**3/3 - 89*x**2/2 + 2*x + 15. List the prime factors of v(27).
2, 5
List the prime factors of (-24)/2 + (-164362)/(-22).
7459
Let t = 4328 - -41126. List the prime factors of t.
2, 22727
Suppose 4*m = t + 4, 5*t - m + 1 = -0. Suppose t = 6*w - 86 - 424. Suppose -5*f + 540 = w. What are the prime factors of f?
7, 13
Suppose 370 = -12*j - 1082. Let z = j + 118. What are the prime factors of 20/z*252/(-8)?
2, 3, 5, 7
Let n(t) = t**3 - 81*t**2 + 103*t - 904. List the prime factors of n(87).
11, 4861
Let k(s) = s + 11. Let n(q) = -2*q - 34. Let h(z) = -20*k(z) - 6*n(z). Suppose y = -3*m - 58 + 42, 2*m - 6 = y. What are the prime factors of h(y)?
2
Let p = -1333 - -1529. Let b = 637 - -40. Suppose -9*v + p = -b. What are the prime factors of v?
97
Let s(h) be the third derivative of -517*h**4/24 + 52*h**3/3 + 272*h**2. List the prime factors of s(-3).
5, 331
Suppose u + 13 = -5. What are the prime factors of 15/u - (-38753)/78?
2, 31
Let p = 23 - 21. Suppose p*t - 8 = -0*t. Suppose 0 = j + t*j - 220. What are the prime factors of j?
2, 11
Suppose -76 = 4*x + 2*d + 48, -5*x + 5*d - 170 = 0. Let c = x + 289. What are the prime factors of c?
257
Let f(q) = q**3 + 37*q**2 + q - 66. Let x be f(-37). Let c = 547 + x. What are the prime factors of c?
2, 3, 37
Suppose -11*s = 150 - 469. Suppose -14*y + s*y = 7185. What are the prime factors of y?
479
Let u(h) = -7096*h + 1423. What are the prime factors of u(-6)?
23, 1913
Suppose -39*h = -42*h + 4995. Suppose 40*f - h = 37*f. What are the prime factors of f?
3, 5, 37
Suppose -6*o + 276 = -4*o. Suppose 19*l - 13*l = -o. Let y(g) = -6*g + 41. What are the prime factors of y(l)?
179
Let j = 35 - 8. Let g = j + -35. List the prime factors of (4 + g)/(-4) + 20.
3, 7
Let g(d) = 16*d**2 + 4*d + 14. Let s = 174 + -181. List the prime factors of g(s).
2, 5, 7, 11
List the prime factors of 3318/33 + 48/792*-9.
2, 5
Let b(s) = 172*s - 482. List the prime factors of b(25).
2, 23, 83
List the prime factors of (-19946)/((-25)/125*(6 - 1)).
2, 9973
Let o(a) = -a**2 - 9*a + 2. Let l be o(-9). Suppose l*h = -2, 2*i - 5*i + 3*h + 219 = 0. Let r = -28 + i. What are the prime factors of r?
2, 11
Suppose 0 = -s - 26150 + 52834. List the prime factors of s.
2, 7, 953
Let c(o) = -o**2 + 128. Let g be c(-11). What are the prime factors of (-10 + g)*(2 + -119)*3?
3, 13
Let x(p) = -37*p**3 - 5*p**2 + 3*p - 24. Let y be x(8). What are the prime factors of y/(-35) - 6/(-10)?
19, 29
Let x(a) = a**3 + 13*a**2 - 17*a + 12. Let s be x(-14). Suppose -8*j = j + s. What are the prime factors of 97 - (j/(-2))/3?
2, 3
Let v(d) = -d**3 - 48*d**2 + 53*d - 125. Let p be v(-50). Let w = -1575 + p. List the prime factors of w.
2, 5, 13
Let g(k) = k - 22. Let n be g(8). Let q be n/(-4) + ((-4)/(-2))/(-4). Suppose 3*s + 5*y + 89 = 247, -5*y - 178 = -q*s. What are the prime factors of s?
2, 7
Suppose 5*h - 8*h = 15. Let i(g) = -g**2 - 8*g - 11. Let x be i(h). Suppose -5*d - 8 = 4*s, 5*d = -5*s + x*d + 11. What are the prime factors of s?
3
List the prime factors of -2192*((-2)/4 + -2).
2, 5, 137
Let d be (2 - (2 + 5)) + -13 + 8. What are the prime factors of 352 - (d - (-10 + 3))?
5, 71
Let n = 2 + -26. Let h = 15 - n. Let g = -36 + h. List the prime factors of g.
3
Suppose 4*w + 0*w - 176 = 0. Let z be ((-4)/10)/((-9)/270). Suppose w = z*j - 10*j. List the prime factors of j.
2, 11
Suppose -m = 1 + 48. Let j = m + 156. What are the prime factors of j?
107
Suppose -1095*t + 1098*t - 114355 = -2*d, -d = 3*t - 114356. List the prime factors of t.
38119
Suppose -2721 + 12795 = -23*n. Let m = -408 - n. What are the prime factors of m?
2, 3, 5
Let d(n) = 41*n**2 - 6*n - 6. Let k be d(-3). Suppose -3*p + k = -1008. What are the prime factors of p?
463
Suppose 3*s - 3*o - 4725 = 2490, 8 = -2*o. Suppose -r + 595 = t + 3*r, -s = -4*t + 5*r. What are the prime factors of t?
599
Suppose -2*q = -7 + 15. Let b(n) = -n**2 - 4*n + 2. Let g be b(q). Suppose -76 = -g*k + 100. List the prime factors of k.
2, 11
Let z(x) = -x**3 - 118*x**2 - 273*x - 869. List the prime factors of z(-117).
17383
Suppose 0 = -4*g + 24, 5*l - 20*g - 23096 = -21*g. What are the prime factors of l?
2, 2309
Let x be (21/(-9) - -3)/(1/6). Suppose 3729 = x*s - l, 3*s + 2*s - 3*l - 4670 = 0. What are the prime factors of s?
7, 19
Let z be 120*(0 - (1/(-2))/(-1)). Let s = 63 + z. Suppose -s*c + 145 = 31. What are the prime factors of c?
2, 19
Let b(n) = -395*n - 21. Let z(f) = -132*f - 7. Let p(l) = -4*b(l) + 14*z(l). List the prime factors of p(-4).
2, 23
Let b = -127 - -127. Let p(x) = x**2 + 457. List the prime factors of p(b).
457
Let l be 2/(8/17) - (-1)/(-4). Let y be l/(4/(-1)) - 34. Let h = 33 - y. What are the prime factors of h?
2, 17
Suppose -8 = 4*t, 170 = -3*x - t - 0*t. Let r = 3 - x. Let n = r - 51. List the prime factors of n.
2
Let t(k) = -69*k - 32. Let u be t(-11). Suppose 3*v = -4*p + 2*v + 977, 3*p = 5*v + u. What are the prime factors of p?
2, 61
Let r be (-2)/(-8)*-71 + (-2)/8. Let x be (-6)/(-2)*(-3)/(r/194). Let o = x + -68. What are the prime factors of o?
29
Suppose -24 = -2*b - 5*m, 38 = 4*b + m - 46. Suppose -3*f - 532 = -b*f. List the prime factors of f.
2, 7
List the prime factors of ((